{"id":2886,"date":"2020-06-30T19:54:25","date_gmt":"2020-06-30T19:54:25","guid":{"rendered":"https:\/\/nandu.world\/blog\/?page_id=2886"},"modified":"2020-06-30T19:56:35","modified_gmt":"2020-06-30T19:56:35","slug":"all-posts","status":"publish","type":"page","link":"https:\/\/nandu.world\/blog\/all-posts\/","title":{"rendered":"All Posts"},"content":{"rendered":"<ul class=\"display-posts-listing\"><li class=\"listing-item\"><a class=\"title\" href=\"https:\/\/nandu.world\/blog\/2016\/06\/getting-started\/\">Getting ready for a cruising life<\/a> <span class=\"date\">June 2016<\/span> <span class=\"author\">by Juan<\/span><\/li><li class=\"listing-item\"><a class=\"title\" href=\"https:\/\/nandu.world\/blog\/2016\/08\/mountain-view-california-to-bremen-maine\/\">Mountain View, California to Bremen, Maine<\/a> <span class=\"date\">August 2016<\/span> <span class=\"author\">by Juan<\/span><\/li><li class=\"listing-item\"><a class=\"title\" href=\"https:\/\/nandu.world\/blog\/2016\/09\/moving-in\/\">Moving in<\/a> <span class=\"date\">September 2016<\/span> <span class=\"author\">by Juan<\/span><\/li><li class=\"listing-item\"><a class=\"title\" href=\"https:\/\/nandu.world\/blog\/2016\/10\/the-dream-keeps-trying-to-turn-into-a-nightmare\/\">The dream keeps trying to turn into a nightmare<\/a> <span class=\"date\">October 2016<\/span> <span class=\"author\">by Juan<\/span><\/li><li class=\"listing-item\"><a class=\"title\" href=\"https:\/\/nandu.world\/blog\/2016\/10\/all-new-new-england-new-york-new-jersey\/\">All new: New England, New York, New Jersey<\/a> <span class=\"date\">October 2016<\/span> <span class=\"author\">by Juan<\/span><\/li><li class=\"listing-item\"><a class=\"title\" href=\"https:\/\/nandu.world\/blog\/2016\/10\/the-alternators-saga\/\">The alternators&#8217; saga<\/a> <span class=\"date\">October 2016<\/span> <span class=\"author\">by Juan<\/span><\/li><li class=\"listing-item\"><a class=\"title\" href=\"https:\/\/nandu.world\/blog\/2016\/10\/the-saga-continues\/\">The saga continues<\/a> <span class=\"date\">October 2016<\/span> <span class=\"author\">by Juan<\/span><\/li><li class=\"listing-item\"><a class=\"title\" href=\"https:\/\/nandu.world\/blog\/2016\/11\/cat-blues\/\">Cat blues<\/a> <span class=\"date\">November 2016<\/span> <span class=\"author\">by Juan<\/span><\/li><li class=\"listing-item\"><a class=\"title\" href=\"https:\/\/nandu.world\/blog\/2016\/11\/waiting\/\">Waiting<\/a> <span class=\"date\">November 2016<\/span> <span class=\"author\">by Juan<\/span><\/li><li class=\"listing-item\"><a class=\"title\" href=\"https:\/\/nandu.world\/blog\/2016\/11\/intracoastal-waterway-the-virginia-cut\/\">Intracoastal Waterway: The Virginia Cut<\/a> <span class=\"date\">November 2016<\/span> <span class=\"author\">by Juan<\/span><\/li><li class=\"listing-item\"><a class=\"title\" href=\"https:\/\/nandu.world\/blog\/2016\/11\/pamlico-sound\/\">Pamlico Sound<\/a> <span class=\"date\">November 2016<\/span> <span class=\"author\">by Juan<\/span><\/li><li class=\"listing-item\"><a class=\"title\" href=\"https:\/\/nandu.world\/blog\/2016\/11\/the-plot-thickens\/\">The plot thickens<\/a> <span class=\"date\">November 2016<\/span> <span class=\"author\">by Juan<\/span><\/li><li class=\"listing-item\"><a class=\"title\" href=\"https:\/\/nandu.world\/blog\/2016\/12\/the-new-life-of-oliver\/\">The new life of Oliver<\/a> <span class=\"date\">December 2016<\/span> <span class=\"author\">by Juan<\/span><\/li><li class=\"listing-item\"><a class=\"title\" href=\"https:\/\/nandu.world\/blog\/2017\/01\/south-carolina-rivers\/\">South Carolina Rivers<\/a> <span class=\"date\">January 2017<\/span> <span class=\"author\">by Juan<\/span><\/li><li class=\"listing-item\"><a class=\"title\" href=\"https:\/\/nandu.world\/blog\/2017\/01\/cumberland-island\/\">Cumberland Island<\/a> <span class=\"date\">January 2017<\/span> <span class=\"author\">by Juan<\/span><\/li><li class=\"listing-item\"><a class=\"title\" href=\"https:\/\/nandu.world\/blog\/2017\/01\/stuck-in-jacksonville\/\">Stuck in Jacksonville<\/a> <span class=\"date\">January 2017<\/span> <span class=\"author\">by Juan<\/span><\/li><li class=\"listing-item\"><a class=\"title\" href=\"https:\/\/nandu.world\/blog\/2017\/02\/st-augustine\/\">St. Augustine<\/a> <span class=\"date\">February 2017<\/span> <span class=\"author\">by Juan<\/span><\/li><li class=\"listing-item\"><a class=\"title\" href=\"https:\/\/nandu.world\/blog\/2017\/02\/boats-buildings-and-bridges\/\">Boats, buildings and bridges<\/a> <span class=\"date\">February 2017<\/span> <span class=\"author\">by Juan<\/span><\/li><li class=\"listing-item\"><a class=\"title\" href=\"https:\/\/nandu.world\/blog\/2017\/03\/the-bahamas\/\">The Bahamas!<\/a> <span class=\"date\">March 2017<\/span> <span class=\"author\">by Juan<\/span><\/li><li class=\"listing-item\"><a class=\"title\" href=\"https:\/\/nandu.world\/blog\/2017\/03\/boat-maintenance-at-the-gates-of-paradise\/\">Boat maintenance at the gates of paradise<\/a> <span class=\"date\">March 2017<\/span> <span class=\"author\">by Juan<\/span><\/li><li class=\"listing-item\"><a class=\"title\" href=\"https:\/\/nandu.world\/blog\/2017\/03\/baja-mar\/\">Baja mar<\/a> <span class=\"date\">March 2017<\/span> <span class=\"author\">by Juan<\/span><\/li><li class=\"listing-item\"><a class=\"title\" href=\"https:\/\/nandu.world\/blog\/2017\/03\/allans-cay-anchors-iguanas-and-lobster-but-no-chicken\/\">Allans Cay: anchors, iguanas and lobster (but no chicken)<\/a> <span class=\"date\">March 2017<\/span> <span class=\"author\">by Juan<\/span><\/li><li class=\"listing-item\"><a class=\"title\" href=\"https:\/\/nandu.world\/blog\/2017\/03\/suddenly-in-a-hurry\/\">Suddenly in a hurry<\/a> <span class=\"date\">March 2017<\/span> <span class=\"author\">by Juan<\/span><\/li><li class=\"listing-item\"><a class=\"title\" href=\"https:\/\/nandu.world\/blog\/2017\/04\/family-reunion-in-george-town\/\">Family reunion in George Town<\/a> <span class=\"date\">April 2017<\/span> <span class=\"author\">by Juan<\/span><\/li><li class=\"listing-item\"><a class=\"title\" href=\"https:\/\/nandu.world\/blog\/2017\/04\/crew-substitution-daughters-out-mother-in\/\">Crew substitution: daughters out, mother in<\/a> <span class=\"date\">April 2017<\/span> <span class=\"author\">by Juan<\/span><\/li><li class=\"listing-item\"><a class=\"title\" href=\"https:\/\/nandu.world\/blog\/2017\/04\/cruising-or-cursing\/\">Cruising or cursing?<\/a> <span class=\"date\">April 2017<\/span> <span class=\"author\">by Juan<\/span><\/li><li class=\"listing-item\"><a class=\"title\" href=\"https:\/\/nandu.world\/blog\/2017\/04\/a-magnificent-place-to-drop-the-anchor\/\">A magnificent place to drop the anchor<\/a> <span class=\"date\">April 2017<\/span> <span class=\"author\">by Juan<\/span><\/li><li class=\"listing-item\"><a class=\"title\" href=\"https:\/\/nandu.world\/blog\/2017\/04\/in-search-of-mythical-creatures\/\">In search of mythical creatures<\/a> <span class=\"date\">April 2017<\/span> <span class=\"author\">by Kat<\/span><\/li><li class=\"listing-item\"><a class=\"title\" href=\"https:\/\/nandu.world\/blog\/2017\/05\/a-presidential-matter\/\">A presidential matter<\/a> <span class=\"date\">May 2017<\/span> <span class=\"author\">by Juan<\/span><\/li><li class=\"listing-item\"><a class=\"title\" href=\"https:\/\/nandu.world\/blog\/2017\/05\/three-settlements\/\">Three settlements<\/a> <span class=\"date\">May 2017<\/span> <span class=\"author\">by Kat<\/span><\/li><li class=\"listing-item\"><a class=\"title\" href=\"https:\/\/nandu.world\/blog\/2017\/05\/it-keeps-getting-better\/\">It keeps getting better<\/a> <span class=\"date\">May 2017<\/span> <span class=\"author\">by Juan<\/span><\/li><li class=\"listing-item\"><a class=\"title\" href=\"https:\/\/nandu.world\/blog\/2017\/05\/how-to-stay-put\/\">How to stay put in the worst holding ground of Bahamas<\/a> <span class=\"date\">May 2017<\/span> <span class=\"author\">by Juan<\/span><\/li><li class=\"listing-item\"><a class=\"title\" href=\"https:\/\/nandu.world\/blog\/2017\/05\/the-current-is-so-strong-the-town-is-called-the-current\/\">The current is so strong the town is called <em>The Current<\/em><\/a> <span class=\"date\">May 2017<\/span> <span class=\"author\">by Juan<\/span><\/li><li class=\"listing-item\"><a class=\"title\" href=\"https:\/\/nandu.world\/blog\/2017\/06\/spanish-wells\/\">Spanish Wells<\/a> <span class=\"date\">June 2017<\/span> <span class=\"author\">by Kat<\/span><\/li><li class=\"listing-item\"><a class=\"title\" href=\"https:\/\/nandu.world\/blog\/2017\/06\/a-downwind-hop-to-the-sea-of-abaco\/\">A downwind hop to the Sea of Abaco<\/a> <span class=\"date\">June 2017<\/span> <span class=\"author\">by Juan<\/span><\/li><li class=\"listing-item\"><a class=\"title\" href=\"https:\/\/nandu.world\/blog\/2017\/06\/hope-town-elbow-cay\/\">Hope Town, Elbow Cay<\/a> <span class=\"date\">June 2017<\/span> <span class=\"author\">by Juan<\/span><\/li><li class=\"listing-item\"><a class=\"title\" href=\"https:\/\/nandu.world\/blog\/2017\/06\/gumelemi-cay\/\">Gumelemi Cay<\/a> <span class=\"date\">June 2017<\/span> <span class=\"author\">by Juan<\/span><\/li><li class=\"listing-item\"><a class=\"title\" href=\"https:\/\/nandu.world\/blog\/2017\/07\/excitement-in-manjack-cay-episode-i\/\">Excitement in Manjack Cay &mdash; Episode I<\/a> <span class=\"date\">July 2017<\/span> <span class=\"author\">by Juan<\/span><\/li><li class=\"listing-item\"><a class=\"title\" href=\"https:\/\/nandu.world\/blog\/2017\/07\/excitement-in-manjack-cay-episode-ii\/\">Excitement in Manjack Cay \u2014 Episode II<\/a> <span class=\"date\">July 2017<\/span> <span class=\"author\">by Juan<\/span><\/li><li class=\"listing-item\"><a class=\"title\" href=\"https:\/\/nandu.world\/blog\/2017\/07\/coopers-town-and-powell-cay\/\">Coopers Town and Powell Cay<\/a> <span class=\"date\">July 2017<\/span> <span class=\"author\">by Juan<\/span><\/li><li class=\"listing-item\"><a class=\"title\" href=\"https:\/\/nandu.world\/blog\/2017\/07\/alone-in-green-turtle-cay\/\">Alone in Green Turtle Cay<\/a> <span class=\"date\">July 2017<\/span> <span class=\"author\">by Juan<\/span><\/li><li class=\"listing-item\"><a class=\"title\" href=\"https:\/\/nandu.world\/blog\/2017\/08\/so-long-bahamas\/\">So long, Bahamas<\/a> <span class=\"date\">August 2017<\/span> <span class=\"author\">by Juan<\/span><\/li><li class=\"listing-item\"><a class=\"title\" href=\"https:\/\/nandu.world\/blog\/2017\/08\/crossing-the-virtual-wall\/\">Crossing the (virtual) wall<\/a> <span class=\"date\">August 2017<\/span> <span class=\"author\">by Juan<\/span><\/li><li class=\"listing-item\"><a class=\"title\" href=\"https:\/\/nandu.world\/blog\/2017\/08\/ocracoke-ponies-pirates-and-tacos\/\">Ocracoke: Ponies, Pirates and Tacos<\/a> <span class=\"date\">August 2017<\/span> <span class=\"author\">by Kat<\/span><\/li><li class=\"listing-item\"><a class=\"title\" href=\"https:\/\/nandu.world\/blog\/2017\/08\/out-of-the-water\/\">Out of the water<\/a> <span class=\"date\">August 2017<\/span> <span class=\"author\">by Juan<\/span><\/li><li class=\"listing-item\"><a class=\"title\" href=\"https:\/\/nandu.world\/blog\/2017\/09\/mother-earths-anger\/\">Mother Earth&#8217;s Anger<\/a> <span class=\"date\">September 2017<\/span> <span class=\"author\">by Kat<\/span><\/li><li class=\"listing-item\"><a class=\"title\" href=\"https:\/\/nandu.world\/blog\/2017\/10\/taking-a-break\/\">Taking a break<\/a> <span class=\"date\">October 2017<\/span> <span class=\"author\">by Juan<\/span><\/li><li class=\"listing-item\"><a class=\"title\" href=\"https:\/\/nandu.world\/blog\/2017\/10\/a-millennial-aboard\/\">A Millennial Aboard<\/a> <span class=\"date\">October 2017<\/span> <span class=\"author\">by Ada Navarro<\/span><\/li><li class=\"listing-item\"><a class=\"title\" href=\"https:\/\/nandu.world\/blog\/2017\/10\/life-in-the-boatyard\/\">Life in the boatyard<\/a> <span class=\"date\">October 2017<\/span> <span class=\"author\">by Juan<\/span><\/li><li class=\"listing-item\"><a class=\"title\" href=\"https:\/\/nandu.world\/blog\/2017\/11\/14-days-at-sea\/\">14 days at sea<\/a> <span class=\"date\">November 2017<\/span> <span class=\"author\">by Juan<\/span><\/li><li class=\"listing-item\"><a class=\"title\" href=\"https:\/\/nandu.world\/blog\/2017\/11\/on-top-of-things\/\">On top of things<\/a> <span class=\"date\">November 2017<\/span> <span class=\"author\">by Juan<\/span><\/li><li class=\"listing-item\"><a class=\"title\" href=\"https:\/\/nandu.world\/blog\/2017\/12\/random-thoughts-while-stranded-and-somewhat-bored-in-jolly-harbour\/\">Random thoughts while stranded (and somewhat bored) in Jolly Harbour<\/a> <span class=\"date\">December 2017<\/span> <span class=\"author\">by Juan<\/span><\/li><li class=\"listing-item\"><a class=\"title\" href=\"https:\/\/nandu.world\/blog\/2017\/12\/how-a-mechanical-debacle-and-too-many-holidays-led-us-to-a-nudist-beach\/\">How a mechanical debacle and too many holidays led us to a nudist beach<\/a> <span class=\"date\">December 2017<\/span> <span class=\"author\">by Juan<\/span><\/li><li class=\"listing-item\"><a class=\"title\" href=\"https:\/\/nandu.world\/blog\/2018\/01\/antigua\/\">Antigua<\/a> <span class=\"date\">January 2018<\/span> <span class=\"author\">by Juan<\/span><\/li><li class=\"listing-item\"><a class=\"title\" href=\"https:\/\/nandu.world\/blog\/2018\/01\/sweet-time-proud-parents\/\">Sweet time, proud parents<\/a> <span class=\"date\">January 2018<\/span> <span class=\"author\">by Kat<\/span><\/li><li class=\"listing-item\"><a class=\"title\" href=\"https:\/\/nandu.world\/blog\/2018\/02\/montserrat\/\">Montserrat<\/a> <span class=\"date\">February 2018<\/span> <span class=\"author\">by Juan<\/span><\/li><li class=\"listing-item\"><a class=\"title\" href=\"https:\/\/nandu.world\/blog\/2018\/03\/the-leeward-gazette\/\">The Leeward Gazette<\/a> <span class=\"date\">March 2018<\/span> <span class=\"author\">by Juan<\/span><\/li><li class=\"listing-item\"><a class=\"title\" href=\"https:\/\/nandu.world\/blog\/2018\/03\/barbuda\/\">Barbuda<\/a> <span class=\"date\">March 2018<\/span> <span class=\"author\">by Juan<\/span><\/li><li class=\"listing-item\"><a class=\"title\" href=\"https:\/\/nandu.world\/blog\/2018\/03\/so-long-antigua\/\">So long, Antigua<\/a> <span class=\"date\">March 2018<\/span> <span class=\"author\">by Juan<\/span><\/li><li class=\"listing-item\"><a class=\"title\" href=\"https:\/\/nandu.world\/blog\/2018\/04\/guadeloupe-part-i\/\">Guadeloupe, Part I<\/a> <span class=\"date\">April 2018<\/span> <span class=\"author\">by Juan<\/span><\/li><li class=\"listing-item\"><a class=\"title\" href=\"https:\/\/nandu.world\/blog\/2018\/04\/guadeloupe-part-ii\/\">Guadeloupe, part II<\/a> <span class=\"date\">April 2018<\/span> <span class=\"author\">by Juan<\/span><\/li><li class=\"listing-item\"><a class=\"title\" href=\"https:\/\/nandu.world\/blog\/2018\/04\/guadeloupe-part-iii\/\">Guadeloupe, part III<\/a> <span class=\"date\">April 2018<\/span> <span class=\"author\">by Juan<\/span><\/li><li class=\"listing-item\"><a class=\"title\" href=\"https:\/\/nandu.world\/blog\/2018\/04\/dominica-the-nature-island\/\">Dominica, The Nature Island<\/a> <span class=\"date\">April 2018<\/span> <span class=\"author\">by Juan<\/span><\/li><li class=\"listing-item\"><a class=\"title\" href=\"https:\/\/nandu.world\/blog\/2018\/04\/martinique-passage\/\">Martinique Passage<\/a> <span class=\"date\">April 2018<\/span> <span class=\"author\">by Juan<\/span><\/li><li class=\"listing-item\"><a class=\"title\" href=\"https:\/\/nandu.world\/blog\/2018\/05\/the-paris-of-the-caribbean\/\">The Paris of the Caribbean<\/a> <span class=\"date\">May 2018<\/span> <span class=\"author\">by Juan<\/span><\/li><li class=\"listing-item\"><a class=\"title\" href=\"https:\/\/nandu.world\/blog\/2018\/05\/south-martinique\/\">South Martinique<\/a> <span class=\"date\">May 2018<\/span> <span class=\"author\">by Juan<\/span><\/li><li class=\"listing-item\"><a class=\"title\" href=\"https:\/\/nandu.world\/blog\/2018\/05\/saint-lucia-another-week-another-country\/\">Saint Lucia: Another week, another country<\/a> <span class=\"date\">May 2018<\/span> <span class=\"author\">by Juan<\/span><\/li><li class=\"listing-item\"><a class=\"title\" href=\"https:\/\/nandu.world\/blog\/2018\/05\/bequia-island-of-clouds\/\">Bequia, island of clouds<\/a> <span class=\"date\">May 2018<\/span> <span class=\"author\">by Juan<\/span><\/li><li class=\"listing-item\"><a class=\"title\" href=\"https:\/\/nandu.world\/blog\/2018\/05\/mustique-the-manicured-island-for-the-rich-and-famous\/\">Mustique, the manicured island for the rich and famous<\/a> <span class=\"date\">May 2018<\/span> <span class=\"author\">by Juan<\/span><\/li><li class=\"listing-item\"><a class=\"title\" href=\"https:\/\/nandu.world\/blog\/2018\/06\/tobago-cays-or-the-case-of-the-rescuer-who-had-to-be-rescued\/\">Tobago Cays (or the case of the rescuer who had to be rescued)<\/a> <span class=\"date\">June 2018<\/span> <span class=\"author\">by Juan<\/span><\/li><li class=\"listing-item\"><a class=\"title\" href=\"https:\/\/nandu.world\/blog\/2018\/06\/chased-by-crowds-in-the-grenadines\/\">Chased by crowds in The Grenadines<\/a> <span class=\"date\">June 2018<\/span> <span class=\"author\">by Juan<\/span><\/li><li class=\"listing-item\"><a class=\"title\" href=\"https:\/\/nandu.world\/blog\/2018\/06\/the-grenadian-grenadines\/\">The Grenadian Grenadines<\/a> <span class=\"date\">June 2018<\/span> <span class=\"author\">by Juan<\/span><\/li><li class=\"listing-item\"><a class=\"title\" href=\"https:\/\/nandu.world\/blog\/2018\/07\/you-cannot-enjoy-the-art-if-you-have-no-balls\/\">You cannot enjoy the art if you have no balls<\/a> <span class=\"date\">July 2018<\/span> <span class=\"author\">by Kat<\/span><\/li><li class=\"listing-item\"><a class=\"title\" href=\"https:\/\/nandu.world\/blog\/2018\/07\/grenada-last-stop-for-the-season\/\">Grenada: last stop for the season<\/a> <span class=\"date\">July 2018<\/span> <span class=\"author\">by Juan<\/span><\/li><li class=\"listing-item\"><a class=\"title\" href=\"https:\/\/nandu.world\/blog\/2018\/08\/celebrating-the-life-of-oliver\/\">Celebrating the life of Oliver<\/a> <span class=\"date\">August 2018<\/span> <span class=\"author\">by Juan<\/span><\/li><li class=\"listing-item\"><a class=\"title\" href=\"https:\/\/nandu.world\/blog\/2018\/10\/a-teaser\/\">A teaser<\/a> <span class=\"date\">October 2018<\/span> <span class=\"author\">by Juan<\/span><\/li><li class=\"listing-item\"><a class=\"title\" href=\"https:\/\/nandu.world\/blog\/2018\/11\/back-on-the-water\/\">Back on the water<\/a> <span class=\"date\">November 2018<\/span> <span class=\"author\">by Juan<\/span><\/li><li class=\"listing-item\"><a class=\"title\" href=\"https:\/\/nandu.world\/blog\/2018\/12\/passage-to-bonaire\/\">Passage to Bonaire<\/a> <span class=\"date\">December 2018<\/span> <span class=\"author\">by Juan<\/span><\/li><li class=\"listing-item\"><a class=\"title\" href=\"https:\/\/nandu.world\/blog\/2018\/12\/the-abc-islands\/\">The ABC islands<\/a> <span class=\"date\">December 2018<\/span> <span class=\"author\">by Juan<\/span><\/li><li class=\"listing-item\"><a class=\"title\" href=\"https:\/\/nandu.world\/blog\/2019\/01\/bonaire\/\">Bonaire<\/a> <span class=\"date\">January 2019<\/span> <span class=\"author\">by Juan<\/span><\/li><li class=\"listing-item\"><a class=\"title\" href=\"https:\/\/nandu.world\/blog\/2019\/01\/klein-curacao\/\">Klein Cura\u00e7ao<\/a> <span class=\"date\">January 2019<\/span> <span class=\"author\">by Juan<\/span><\/li><li class=\"listing-item\"><a class=\"title\" href=\"https:\/\/nandu.world\/blog\/2019\/02\/its-all-in-the-mind\/\">It&#8217;s all in the mind<\/a> <span class=\"date\">February 2019<\/span> <span class=\"author\">by Juan<\/span><\/li><li class=\"listing-item\"><a class=\"title\" href=\"https:\/\/nandu.world\/blog\/2019\/02\/curacao\/\">Cura\u00e7ao<\/a> <span class=\"date\">February 2019<\/span> <span class=\"author\">by Juan<\/span><\/li><li class=\"listing-item\"><a class=\"title\" href=\"https:\/\/nandu.world\/blog\/2019\/04\/the-night-of-the-ostracods-the-fifth-day-after-full-moon-40-minutes-after-sunset\/\">The night of the ostracods (the fifth day after full moon, 40 minutes after sunset)<\/a> <span class=\"date\">April 2019<\/span> <span class=\"author\">by Juan<\/span><\/li><li class=\"listing-item\"><a class=\"title\" href=\"https:\/\/nandu.world\/blog\/2019\/04\/cartagena-de-indias\/\">Cartagena de Indias<\/a> <span class=\"date\">April 2019<\/span> <span class=\"author\">by Juan<\/span><\/li><li class=\"listing-item\"><a class=\"title\" href=\"https:\/\/nandu.world\/blog\/2019\/06\/santa-marta-and-the-sierra-nevada\/\">Santa Marta and the Sierra Nevada<\/a> <span class=\"date\">June 2019<\/span> <span class=\"author\">by Juan<\/span><\/li><li class=\"listing-item\"><a class=\"title\" href=\"https:\/\/nandu.world\/blog\/2019\/06\/passage-to-panama\/\">Passage to Panama<\/a> <span class=\"date\">June 2019<\/span> <span class=\"author\">by Juan<\/span><\/li><li class=\"listing-item\"><a class=\"title\" href=\"https:\/\/nandu.world\/blog\/2019\/06\/the-san-blas-islands\/\">The San Blas Islands<\/a> <span class=\"date\">June 2019<\/span> <span class=\"author\">by Juan<\/span><\/li><li class=\"listing-item\"><a class=\"title\" href=\"https:\/\/nandu.world\/blog\/2019\/07\/rio-chagres-the-last-and-amazing-anchorage\/\">R\u00edo Chagres, the last (and amazing) anchorage<\/a> <span class=\"date\">July 2019<\/span> <span class=\"author\">by Juan<\/span><\/li><li class=\"listing-item\"><a class=\"title\" href=\"https:\/\/nandu.world\/blog\/2019\/08\/nothing-happened\/\">Nothing happened<\/a> <span class=\"date\">August 2019<\/span> <span class=\"author\">by Juan<\/span><\/li><li class=\"listing-item\"><a class=\"title\" href=\"https:\/\/nandu.world\/blog\/2021\/02\/an-overdue-update\/\">An overdue update<\/a> <span class=\"date\">February 2021<\/span> <span class=\"author\">by Juan<\/span><\/li><li class=\"listing-item\"><a class=\"title\" href=\"https:\/\/nandu.world\/blog\/2021\/03\/wintertime-blues\/\">Wintertime blues<\/a> <span class=\"date\">March 2021<\/span> <span class=\"author\">by Juan<\/span><\/li><li class=\"listing-item\"><a class=\"title\" href=\"https:\/\/nandu.world\/blog\/2021\/06\/meet-nu-an-abbreviated-version-of-nandu\/\">Meet \u00d1u (an abbreviated version of \u00d1and\u00fa)<\/a> <span class=\"date\">June 2021<\/span> <span class=\"author\">by Juan<\/span><\/li><li class=\"listing-item\"><a class=\"title\" href=\"https:\/\/nandu.world\/blog\/2021\/11\/the-groan-girls-and-the-wannabe-hero-boy\/\">The Groan Girls (and the wannabe hero boy)<\/a> <span class=\"date\">November 2021<\/span> <span class=\"author\">by Juan<\/span><\/li><li class=\"listing-item\"><a class=\"title\" href=\"https:\/\/nandu.world\/blog\/2022\/02\/death-valley\/\">Death Valley<\/a> <span class=\"date\">February 2022<\/span> <span class=\"author\">by Juan<\/span><\/li><li class=\"listing-item\"><a class=\"title\" href=\"https:\/\/nandu.world\/blog\/2022\/04\/the-tale-of-the-three-stoves\/\">The tale of the three stoves<\/a> <span class=\"date\">April 2022<\/span> <span class=\"author\">by Juan<\/span><\/li><li class=\"listing-item\"><a class=\"title\" href=\"https:\/\/nandu.world\/blog\/2022\/07\/montana-the-new-maine\/\">Montana, the new Maine<\/a> <span class=\"date\">July 2022<\/span> <span class=\"author\">by Juan<\/span><\/li><li class=\"listing-item\"><a class=\"title\" href=\"https:\/\/nandu.world\/blog\/2022\/09\/the-goat-rocks-wilderness\/\">The Goat Rocks Wilderness<\/a> <span class=\"date\">September 2022<\/span> <span class=\"author\">by Juan<\/span><\/li><li class=\"listing-item\"><a class=\"title\" href=\"https:\/\/nandu.world\/blog\/2023\/01\/brazil-and-chile-or-how-things-change-in-a-mere-four-decades\/\">Brazil and Chile &#8212; or how things change in a mere four decades<\/a> <span class=\"date\">January 2023<\/span> <span class=\"author\">by Juan<\/span><\/li><li class=\"listing-item\"><a class=\"title\" href=\"https:\/\/nandu.world\/blog\/2023\/03\/mount-diablo\/\">Mount Diablo<\/a> <span class=\"date\">March 2023<\/span> <span class=\"author\">by Juan<\/span><\/li><li class=\"listing-item\"><a class=\"title\" href=\"https:\/\/nandu.world\/blog\/2023\/04\/desert-bloom\/\">Desert bloom<\/a> <span class=\"date\">April 2023<\/span> <span class=\"author\">by Juan<\/span><\/li><li class=\"listing-item\"><a class=\"title\" href=\"https:\/\/nandu.world\/blog\/2023\/07\/a-story-with-pictures\/\">A story with pictures<\/a> <span class=\"date\">July 2023<\/span> <span class=\"author\">by Juan<\/span><\/li><li class=\"listing-item\"><a class=\"title\" href=\"https:\/\/nandu.world\/blog\/2023\/12\/the-amazon-river-iquitos-to-manaus\/\">The Amazon River: Iquitos to Manaus<\/a> <span class=\"date\">December 2023<\/span> <span class=\"author\">by Juan<\/span><\/li><li class=\"listing-item\"><a class=\"title\" href=\"https:\/\/nandu.world\/blog\/2024\/01\/fifty-years\/\">Fifty years<\/a> <span class=\"date\">January 2024<\/span> <span class=\"author\">by Juan<\/span><\/li><li class=\"listing-item\"><a class=\"title\" href=\"https:\/\/nandu.world\/blog\/2024\/03\/chile-it-was-about-memory\/\">Chile: it was about memory<\/a> <span class=\"date\">March 2024<\/span> <span class=\"author\">by Juan<\/span><\/li><li class=\"listing-item\"><a class=\"title\" href=\"https:\/\/nandu.world\/blog\/2024\/04\/sixty-years\/\">Sixty Years<\/a> <span class=\"date\">April 2024<\/span> <span class=\"author\">by Juan<\/span><\/li><li class=\"listing-item\"><a class=\"title\" href=\"https:\/\/nandu.world\/blog\/2024\/06\/all-good-things-must-come-to-an-end\/\">All Good Things Must Come To An End<\/a> <span class=\"date\">June 2024<\/span> <span class=\"author\">by Juan<\/span><\/li><\/ul>\n","protected":false},"excerpt":{"rendered":"","protected":false},"author":2,"featured_media":0,"parent":0,"menu_order":0,"comment_status":"closed","ping_status":"closed","template":"","meta":{"footnotes":""},"class_list":["post-2886","page","type-page","status-publish","hentry"],"jetpack_sharing_enabled":true,"jetpack_shortlink":"https:\/\/wp.me\/P7GCAo-Ky","_links":{"self":[{"href":"https:\/\/nandu.world\/blog\/wp-json\/wp\/v2\/pages\/2886","targetHints":{"allow":["GET"]}}],"collection":[{"href":"https:\/\/nandu.world\/blog\/wp-json\/wp\/v2\/pages"}],"about":[{"href":"https:\/\/nandu.world\/blog\/wp-json\/wp\/v2\/types\/page"}],"author":[{"embeddable":true,"href":"https:\/\/nandu.world\/blog\/wp-json\/wp\/v2\/users\/2"}],"replies":[{"embeddable":true,"href":"https:\/\/nandu.world\/blog\/wp-json\/wp\/v2\/comments?post=2886"}],"version-history":[{"count":8,"href":"https:\/\/nandu.world\/blog\/wp-json\/wp\/v2\/pages\/2886\/revisions"}],"predecessor-version":[{"id":2894,"href":"https:\/\/nandu.world\/blog\/wp-json\/wp\/v2\/pages\/2886\/revisions\/2894"}],"wp:attachment":[{"href":"https:\/\/nandu.world\/blog\/wp-json\/wp\/v2\/media?parent=2886"}],"curies":[{"name":"wp","href":"https:\/\/api.w.org\/{rel}","templated":true}]}}